 = 65*d + 494. Give i(-8).
-26
Let z(t) = -5*t + 285. Determine z(58).
-5
Let n(s) = -s**3 + 12*s**2 + 12*s + 11. Give n(13).
-2
Let l(u) = 7*u**2 + 3*u + 2. Calculate l(-2).
24
Let h(g) = -2*g**2 - g. Determine h(-1).
-1
Let u(p) = -p**3 + 22*p**2 + p - 16. What is u(22)?
6
Let n(r) = 3*r - 15. Determine n(12).
21
Let x(q) = 3*q**3 - 13*q**2 - 31*q + 9. Give x(6).
3
Let p(d) = d**2 - 6*d - 4. Calculate p(6).
-4
Let s(k) = -22*k + 5. Determine s(1).
-17
Let c(j) = j**3 - 11*j**2 + 11*j - 12. Calculate c(10).
-2
Let c(i) = i**3 + 10*i**2 + 9*i - 1. What is c(-10)?
-91
Let m(z) = -33*z - 1. Determine m(1).
-34
Let q(o) = -2*o**2 + 8*o - 7. Give q(7).
-49
Let z(n) = -n**3 - 4*n**2 + 10*n - 2. Calculate z(-6).
10
Let h(l) = -l**3 - 2*l**2 + 8*l + 2. Determine h(-4).
2
Let r(x) = 15*x - 408. Determine r(27).
-3
Let g(b) = -15*b + 3. What is g(3)?
-42
Let n(f) = -f**3 - f**2 + 61. Give n(0).
61
Let l(r) = -2*r - 31. Calculate l(-11).
-9
Let w(k) = k**3 + 9*k**2 + 7*k - 10. What is w(-8)?
-2
Let o(i) = i**2 - 6*i + 8. Determine o(4).
0
Let m(g) = 50*g + 253. Determine m(-5).
3
Let c(y) = -y - 2. Calculate c(3).
-5
Let k(l) = -l + 17. What is k(12)?
5
Let p(g) = g**2 + 16*g - 4. What is p(-5)?
-59
Let s(y) = -4*y**2 - 64*y + 83. Calculate s(-17).
15
Let c(v) = 9*v + 18. Determine c(4).
54
Let r(x) = 10*x**3 + 2*x**2 + x. Determine r(-1).
-9
Let w(a) = 8*a - 2. Determine w(1).
6
Let o(b) = -b**2 + 52*b + 693. Determine o(-11).
0
Let o(a) = a + 9. Calculate o(-15).
-6
Let m(a) = -3*a**2 + 7*a - 2. Determine m(5).
-42
Let h(y) = -y**2 - 2*y + 8. Give h(-8).
-40
Let v(l) = 6*l - 7. What is v(3)?
11
Let z(i) = 3*i**2 + 4*i - 12. What is z(3)?
27
Let r(k) = -k**2 + 6*k + 6. Give r(-5).
-49
Let l(d) = -d**3 + 6*d**2 - 4*d - 1. Calculate l(5).
4
Let n(s) = -s**3 + 2*s - 6. Give n(4).
-62
Let y(n) = -n**2 - n + 10. Calculate y(-5).
-10
Let q(b) = -b**2 - 6*b + 5. Determine q(-5).
10
Let c(r) = 51*r + 17. Give c(0).
17
Let y(q) = q**2 + 11*q + 16. Calculate y(-5).
-14
Let d(a) = -4*a**2 - a + 1. Determine d(-2).
-13
Let r(z) = -z**3 - 6*z**2 - 4*z + 17. What is r(-4)?
1
Let i(j) = j**3 + 16*j**2 + 25*j - 41. What is i(-14)?
1
Let w(o) = 4*o - 5. Give w(-5).
-25
Let h(r) = 2*r + 17. Calculate h(-4).
9
Let h(a) = a**3 + 3*a**2 - 10*a + 1. What is h(-5)?
1
Let t(p) = -2*p**2 - 3*p + 3. What is t(-3)?
-6
Let y(n) = n - 3. What is y(1)?
-2
Let g(t) = -t**3 - 9*t**2 - 7*t + 5. Determine g(-8).
-3
Let r(o) = -2*o**3 - 8*o**2 - 6*o + 6. Determine r(-5).
86
Let k(w) = -16*w - 2. What is k(-1)?
14
Let q(j) = j**2 - 3*j - 5. What is q(-4)?
23
Let z(b) = -b**3 + 20*b**2 - 3*b + 58. What is z(20)?
-2
Let l(c) = 5*c - 167. Determine l(34).
3
Let w(z) = 7*z**2 - 2*z + 2. Give w(1).
7
Let b(m) = -8*m - 122. What is b(-15)?
-2
Let t(g) = -g**3 - 21*g**2 + g + 15. Give t(-21).
-6
Let q(m) = -m**2 - 14*m + 7. Give q(-15).
-8
Let s(m) = 2*m**3 + 3*m + 1. Calculate s(2).
23
Let b(h) = -3*h**2 + 20*h - 26. Calculate b(5).
-1
Let t(s) = -s**2 - 7*s + 5. What is t(-8)?
-3
Let z(j) = -j**3 + 14*j**2 - 12*j - 4. Give z(13).
9
Let b(y) = y**3 + 3*y**2 + 4*y - 1. Give b(-3).
-13
Let q(p) = -13*p - 4. Calculate q(3).
-43
Let f(m) = m**3 + 19*m**2 + 32*m - 59. Calculate f(-17).
-25
Let u(l) = l**3 + 11*l**2 + 16*l + 15. Determine u(-10).
-45
Let t(s) = s**3 + 4*s**2 - 5*s - 12. What is t(-5)?
-12
Let m(p) = -p**2 - 32*p + 50. What is m(-33)?
17
Let o(y) = -y**2 - 25*y + 8. Give o(-25).
8
Let g(z) = -3*z**3 + 1. What is g(-1)?
4
Let n(r) = -9*r - 23. Give n(-8).
49
Let w(t) = t**2 + 123*t + 1018. What is w(-9)?
-8
Let k(n) = -3*n - 36. What is k(-15)?
9
Let b(d) = 38*d + 1. Calculate b(1).
39
Let h(g) = -2*g**3 + 11*g**2 + 5*g + 9. Determine h(6).
3
Let d(p) = 2*p - 14. Give d(10).
6
Let c(g) = -g - 1. Give c(2).
-3
Let r(d) = -d**2 + 5*d + 16. Give r(0).
16
Let n(i) = i**3 + 5*i**2 - i - 2. Determine n(-5).
3
Let j(r) = -4*r - 10. Calculate j(-3).
2
Let g(v) = v**3 + 3*v**2 - 8. Determine g(-2).
-4
Let i(k) = -k**2 - 27*k - 38. What is i(-26)?
-12
Let a(c) = -c**2 + 8. What is a(0)?
8
Let f(i) = i**2 - 4*i - 42. Calculate f(-8).
54
Let d(u) = u**3 - 6*u**2 - 9*u + 10. Give d(7).
-4
Let t(z) = z**3 - 6*z**2 - 5*z + 1. What is t(6)?
-29
Let i(p) = p + 1. Calculate i(5).
6
Let w(q) = q**2 + 2*q - 3. Determine w(0).
-3
Let b(h) = h**2 + 19*h + 14. Determine b(-18).
-4
Let l(j) = 11*j - 450. Calculate l(40).
-10
Let z(t) = -3*t + 2. What is z(-1)?
5
Let q(l) = l**2 + 13*l - 28. What is q(-12)?
-40
Let n(m) = -11*m - 50. Give n(-5).
5
Let g(y) = y**3 + 2*y**2 + y - 21. Give g(0).
-21
Let r(b) = -b**3 - 19*b**2 + 23*b + 49. Calculate r(-20).
-11
Let c(v) = -v**3 + 26*v**2 - 47*v - 27. Give c(24).
-3
Let c(r) = r**3 + 12*r**2 + 23*r + 24. Give c(-10).
-6
Let h(j) = -j**3 + 8*j**2 + 4*j - 17. Determine h(8).
15
Let k(s) = -36*s - 72. Determine k(-2).
0
Let t(o) = -2*o + 32. What is t(17)?
-2
Let c(g) = g**3 - 3*g**2 + g - 1. Give c(0).
-1
Let w(c) = 6*c**2 + c - 1. Calculate w(-2).
21
Let h(d) = d**2 - d + 1. Calculate h(-4).
21
Let y(x) = -x + 15. Determine y(15).
0
Let f(h) = -h**2 - 2*h + 4. Give f(-3).
1
Let a(z) = -z**3 - 7*z**2 + z - 2. Give a(-7).
-9
Let a(u) = -5*u**3 + 3*u**2 + 3*u. Calculate a(-2).
46
Let s(z) = 3*z**3 + 29*z**2 - 20*z - 99. Determine s(-10).
1
Let f(m) = -m**2 - 21*m - 34. Calculate f(-20).
-14
Let f(n) = -6*n**2 + 6*n + 7. What is f(3)?
-29
Let k(t) = -7*t - 39. Give k(-5).
-4
Let f(i) = i**3 - 4*i**2 - 7*i - 7. Determine f(6).
23
Let p(i) = 7*i + 118. Determine p(-16).
6
Let a(d) = -5*d + 9. What is a(-6)?
39
Let y(o) = o**3 - 7*o**2 - 9*o + 14. Give y(8).
6
Let l(q) = -q**3 - 16*q**2 - 3*q - 70. Determine l(-16).
-22
Let y(b) = b**3 + 12*b**2 - 16*b - 27. What is y(-13)?
12
Let g(o) = -o**2 - 15*o - 1. Calculate g(-16).
-17
Let d(y) = -y**3 - 4*y**2 - 7*y - 13. Determine d(-6).
101
Let x(k) = -3*k**2 - 7*k - 11. Give x(-5).
-51
Let r(d) = -7*d**3 + d**2 - 5*d + 3. What is r(2)?
-59
Let l(v) = v**3 + 3*v**2 - 4*v + 12. Give l(-5).
-18
Let w(b) = 2*b**2 + 25*b - 49. Give w(-14).
-7
Let q(l) = 4*l - 1. Determine q(-6).
-25
Let c(i) = 2*i**2 - 3*i - 6. Give c(4).
14
Let g(l) = -5*l - 33. Give g(-18).
57
Let t(b) = -2*b**2 + 8*b - 8. Calculate t(3).
-2
Let h(z) = -2*z**3 - 4*z**2 + 7*z - 2. What is h(-4)?
34
Let r(c) = -138*c + 3. Determine r(1).
-135
Let l(k) = k**3 + 4*k**2 - 6*k - 5. Calculate l(-5).
0
Let l(r) = -3*r - 5. Determine l(-2).
1
Let x(r) = r**2 + 14*r + 7. Determine x(-10).
-33
Let y(q) = q**3 - 5*q**2 - 8*q + 10. Give y(6).
-2
Let p(h) = h**2 - 9*h - 13. Give p(10).
-3
Let y(z) = -z**2 + 16*z + 6. Determine y(15).
21
Let o(t) = t**2 + 12*t - 16. Give o(-13).
-3
Let d(c) = -201*c - 197. Determine d(-1).
4
Let v(t) = -t**3 - t**2 + 4*t - 2. Determine v(1).
0
Let r(v) = 2*v**3 + 11*v**2 + 10*v + 14. What is r(-5)?
-11
Let k(f) = f**3 + 11*f**2 + 14*f + 35. Give k(-10).
-5
Let r(m) = -m**2 - 9*m - 8. Calculate r(-5).
12
Let v(l) = -l**2 - 8*l - 20. Calculate v(-9).
-29
Let h(v) = -v**3 + 8*v**2 - 2*v - 16. Give h(7).
19
Let w(m) = -m**2 - 3*m - 8. What is w(-4)?
-12
Let g(o) = 9*o + 63. Determine g(-6).
9
Let n(z) = z**2 + 10*z - 15. What is n(-8)?
-31
Let l(q) = -q - 69. What is l(-31)?
-38
Let a(m) = -m**2 + 14*m + 2. Determine a(14).
2
Let w(a) = a**2 - 10*a - 7. Give w(13).
32
Let x(d) = -d. Give x(0).
0
Let z(d) = -27*d + 10. Calculate z(2).
-44
Let l(y) = -6*y**2 + y + 18. Calculate l(5).
-127
Let d(s) = s**3 - 7*s**2 - 8*s + 5. Determine d(8).
5
Let v(p) = p**2 - 4*p - 9. What is v(5)?
-4
Let v(k) = 2*k**3 - 12*k**2 + 2*k. What is v(6)?
12
Let q(c) = 2*c**2 - 40*c - 39. What is q(21)?
3
Let u(f) = 4*f**2 - 2*f + 1. Calculate u(-2).
21
Let r(o) = -2*o**2 + 26*o - 28. Calculate r(8).
52
Let j(f) = -f - 10. What is j(-9)?
-1
Let l(q) = -q**2 - 11*q + 19. Give l(-12).
7
Let t(v) = 3*v + 4. What is t(-2)?
-2
Let a(l) = -2*l**3 + 8*l**2 - 9*l + 13. What is a(4)?
-23
Let w(z) = z**3 + z**2 + z + 1. Calculate w(-2).
-5
Let b(r) = r**3 - 28. Calculate b(0).
-28
Let h(q) = -q - 16. What is h(11)?
-27
Let z(m) = -m**2 + 5*m + 154. What is z(15)?
4
Let y(q) = -4*q**3 + q**2 - q + 3. What is y(2)?
-27
Let o(c) = -3*c**2 - 5*c + 3. Calculate o(-6).
-75
Let l(h) = 2*h**2 - 49*h - 73. Determine l(26).
5
Let u(j) = -j**2 + 4*j + 9. Calculate u(0).
9
Let s(j) = -7*j*